277897751 composite?
False
Is 1367347261 composite?
True
Is 1621199809 a composite number?
False
Is 22147989967 prime?
True
Is 54295080787 a prime number?
True
Is 469817609 a prime number?
True
Is 8472040534 composite?
True
Is 1647866463 a prime number?
False
Is 3209644579 composite?
False
Is 8731658629 a prime number?
False
Is 533778827 a composite number?
False
Is 729081221 prime?
False
Is 73301453 a composite number?
True
Is 494882023 a prime number?
False
Is 61742561 a composite number?
False
Is 3243130309 a prime number?
False
Is 29715398731 composite?
False
Is 41809188983 a composite number?
False
Is 1439314009 a prime number?
False
Is 1615370687 a composite number?
True
Is 7801387943 prime?
True
Is 80430025597 a prime number?
True
Is 53311894157 composite?
False
Is 1019277019 prime?
True
Is 64213412689 composite?
True
Is 158672749 a composite number?
True
Is 12622558127 prime?
False
Is 6971406671 a composite number?
False
Is 443803117 composite?
False
Is 15679267081 prime?
False
Is 3792865981 a composite number?
False
Is 88115160053 a composite number?
True
Is 319880549 a prime number?
False
Is 39137387 prime?
True
Is 21851173697 a prime number?
True
Is 296235847 a prime number?
True
Is 99140383 a composite number?
False
Is 373745419 a prime number?
True
Is 415836667 prime?
False
Is 1063398229 composite?
True
Is 5795599273 composite?
False
Is 44841354809 a prime number?
True
Is 9125443 composite?
True
Is 6209044789 composite?
True
Is 1736140537 composite?
False
Is 155888470657 composite?
True
Is 30785340979 a prime number?
False
Is 1321164557 prime?
False
Is 1692192707 composite?
False
Is 106540021 prime?
False
Is 7838662171 a prime number?
False
Is 5275339534 composite?
True
Is 20025637991 a composite number?
False
Is 47305505003 composite?
False
Is 6018812329 composite?
False
Is 9582699541 composite?
False
Is 2266458977 composite?
False
Is 273496347391 composite?
True
Is 3722646911 composite?
False
Is 45356849579 prime?
True
Is 53622474991 a composite number?
True
Is 318870281 a prime number?
False
Is 115030475789 prime?
True
Is 12820114451 a prime number?
True
Is 203255899481 a composite number?
False
Is 2008984487 a composite number?
True
Is 1086044083 a composite number?
False
Is 66563506583 a composite number?
True
Is 9266701867 composite?
False
Is 564883499 prime?
False
Is 124143096757 composite?
False
Is 11231856131 prime?
True
Is 1634167211 a composite number?
True
Is 8669859533 composite?
False
Is 48725607181 a prime number?
False
Is 194337259 prime?
True
Is 2307926377 a composite number?
False
Is 284128781 a prime number?
False
Is 5162095819 composite?
False
Is 1620843839 composite?
False
Is 4396550857 composite?
False
Is 9305332273 a prime number?
True
Is 809747843 a composite number?
False
Is 4265313387 a composite number?
True
Is 149248013501 a composite number?
True
Is 1409969489 a prime number?
True
Is 1274121061 prime?
False
Is 3949826453 composite?
False
Is 270554105 a prime number?
False
Is 708809963 composite?
True
Is 9086844937 a prime number?
False
Is 6144606031 a composite number?
False
Is 116729771 a composite number?
False
Is 87523097 a prime number?
False
Is 721740317 prime?
True
Is 11247605849 a prime number?
True
Is 46378829911 a composite number?
False
Is 97083742523 composite?
True
Is 2001141139 composite?
False
Is 84573341 a composite number?
False
Is 2377028443 composite?
True
Is 176857407985 a composite number?
True
Is 26727618173 a prime number?
False
Is 43519081117 prime?
False
Is 39028605233 a composite number?
False
Is 18718149211 a prime number?
True
Is 192808912079 composite?
True
Is 38604675053 composite?
True
Is 1069032733 composite?
True
Is 5974584223 a composite number?
False
Is 688710619 prime?
True
Is 6398261029 a prime number?
False
Is 845939767 composite?
False
Is 1507807603 prime?
True
Is 32179845791 prime?
True
Is 159921445253 prime?
True
Is 17377394681 prime?
True
Is 271396421 a composite number?
False
Is 8941176449 prime?
True
Is 416172623 a prime number?
False
Is 9678767583 prime?
False
Is 25538790847 prime?
False
Is 4417148233 prime?
False
Is 1402186223 prime?
True
Is 1702561037 composite?
False
Is 396463439 a composite number?
False
Is 1609179631 prime?
False
Is 2840928221 a prime number?
True
Is 3739455155 composite?
True
Is 62560669319 composite?
False
Is 2185360127 a composite number?
True
Is 4440919753 a prime number?
False
Is 1415445739 composite?
False
Is 928486969 a prime number?
True
Is 29933488883 composite?
True
Is 1687956887 prime?
False
Is 35592321 composite?
True
Is 356912449 a composite number?
False
Is 994822999 prime?
False
Is 3352064557 prime?
False
Is 8797512721 a prime number?
False
Is 12149229281 a prime number?
False
Is 726815809 composite?
False
Is 1166768593 a composite number?
False
Is 238665101 prime?
False
Is 207621385 a composite number?
True
Is 3479871093 a prime number?
False
Is 2517994639 a prime number?
True
Is 3073728773 prime?
False
Is 2849690959 composite?
True
Is 803389627 a prime number?
True
Is 106392522707 prime?
False
Is 2600224063 a composite number?
True
Is 28089821663 composite?
False
Is 1652879237 a prime number?
True
Is 5877257767 prime?
False
Is 6759084401 prime?
False
Is 646132273 composite?
False
Is 5359426871 a prime number?
False
Is 3414288463 composite?
False
Is 7890411709 a composite number?
False
Is 7023804103 composite?
True
Is 1126062281 a prime number?
True
Is 433394519 a prime number?
False
Is 3077430331 a composite number?
False
Is 982646573 composite?
False
Is 81593243 prime?
True
Is 331419853 a composite number?
True
Is 50004281609 a composite number?
False
Is 1167120379 a composite number?
True
Is 551931007 a prime number?
False
Is 236595367 a prime number?
True
Is 79831579243 a prime number?
False
Is 2178203459 composite?
False
Is 478568633 a prime number?
True
Is 8826783377 a composite number?
False
Is 22004050219 a prime number?
False
Is 3946896223 composite?
True
Is 2905909553 composite?
False
Is 299359351 a prime number?
False
Is 808447911 prime?
False
Is 681014623 prime?
True
Is 4715782535 prime?
False
Is 116828040007 prime?
False
Is 12242770733 a prime number?
False
Is 69581183897 a prime number?
False
Is 423975347 a prime number?
True
Is 8707770349 a composite number?
True
Is 3725449033 prime?
True
Is 2529883253 composite?
True
Is 94613413 a composite number?
False
Is 163439503127 a composite number?
False
Is 1556037565 a prime number?
False
Is 30438338261 a composite number?
True
Is 127011828089 a composite number?
False
Is 1987095589 a prime number?
True
Is 3751094653 a composite number?
False
Is 1154534331 a composite number?
True
Is 14579158315 a composite number?
True
Is 438521821 a composite number?
True
Is 2674492643 prime?
True
Is 122373811 composite?
True
Is 1712936959 prime?
False
Is 4300236091 a composite number?
True
Is 12473575483 a prime number?
False
Is 862616831 prime?
True
Is 1717229251 composite?
False
Is 2430081547 a composite number?
False
Is 7082633707 a prime number?
True
Is 2605881821 a composite number?
True
Is 809181341 composite?
False
Is 3250216661 composite?
False
Is 56482376009 a composite number?
False
Is 2433556393 composite?
True
Is 119665405747 composite?
False
Is 16319256601 composite?
False
Is 24784086733 a composite number?
True
Is 1398366511 a composite number?
False
Is 113047069 prime?
True
Is 22278416261 composite?
False
Is 983933941 a prime number?
True
Is 871294159 a composite number?
True
Is 7180055867 a prime number?
False
Is 1636146703 composite?
False
Is 780227179 composite?
True
Is 3571136827 a composite number?
True
Is 7920094529 prime?
True
Is 27512815843 a prime number?
False
Is 378221761 a prime number?
False
Is 6175188323 a prime number?
True
Is 120263387 composite?
True
Is 375925999 prime?
True
Is 4369452679 a prime number?
True
Is 2426333759 a composite number?
True
Is 3591560213 a prime number?
True
Is 636892373 a prime number?
False
Is 1416735178 a prime number?
False
Is 5797855891 composite?
False
Is 369907397 a prime number?
True
Is 184913938927 prime?
False
Is 89410692923 a prime number?
False
Is 17911918201 a prime number?
True
Is 46219689821 prime?
False
Is 1380382505 a prime number?
False
Is 13365556157 a prime number?
False
Is 35345276443 composite?
F